 divisor of u and 56.
8
Let u(p) = -21*p - 11. Let j be u(-1). Calculate the highest common divisor of 55 and j.
5
Let s(j) = 4*j**3 + j**2 - 8*j + 13. Let c be s(4). What is the greatest common divisor of c and 69?
23
Let g be (3 - 1) + (-1288)/(-23). What is the greatest common divisor of 406 and g?
58
Let l = 1513 + -1139. Calculate the greatest common factor of l and 154.
22
Let q = 9 + -19. Let v = q - -22. Calculate the greatest common divisor of 18 and v.
6
Let v(p) be the second derivative of 7*p**3/6 + 7*p**2/2 + 3*p. Let g be v(-3). Let x = g - -26. Calculate the highest common factor of 4 and x.
4
Let s = -590 - -837. What is the greatest common factor of s and 57?
19
Let y be (-129)/(-18) + 1/(-6). Suppose -y*b - 312 = -10*b. Calculate the highest common divisor of 13 and b.
13
Let q(k) = -177*k - 108. Let l be q(-7). What is the greatest common divisor of 39 and l?
39
Let t be ((-276)/(-4))/(12/8). What is the greatest common factor of 2 and t?
2
Suppose 15*i = 12*i + 33. Let s be 2 + (0 - (1 - -1)). Suppose -3*t = 0, s = 2*m - 0*t + t - 22. Calculate the highest common factor of i and m.
11
Let g(d) = -17*d - 2 + 3 + 16*d - 5. Let h be g(-8). Suppose 0 = y - 4*r - 56, 3*y + 0*y + h*r - 152 = 0. Calculate the greatest common divisor of y and 13.
13
Let b be ((-27)/(-2))/((-2)/(-20)). Suppose -4*s = -5*h + 6 - 29, -2*h - 4 = s. Let q be (h/(-2))/(3/54). What is the highest common divisor of q and b?
27
Suppose 30*m - 6875 = 25*m. What is the highest common factor of m and 55?
55
Let t = 517 - 139. Calculate the highest common factor of 14 and t.
14
Suppose 0 = 3*d - 15, 4*b - 4*d + 9 - 69 = 0. Let z(m) = 13*m**2 - 4*m - 4. Let h = -9 - -5. Let g be z(h). What is the greatest common divisor of g and b?
20
Let s be 0 - -48 - (-129 + 129). Let p be 4/(-2) - (-7 + -1). Calculate the highest common factor of s and p.
6
Let s(z) = 14*z + 43. Let t be s(7). Calculate the greatest common divisor of 376 and t.
47
Let v be (-21)/(-9)*(16 - -68). What is the greatest common divisor of v and 245?
49
Let l(j) = 3*j**2 + 2*j**2 + j + 2*j - 4. Let n be l(-3). Let u(k) = k**3 - 13*k**2 + 31*k - 6. Let w be u(10). Calculate the highest common divisor of w and n.
4
Let d be (0 + 0 - 2) + 2. Let f be (6 - 5) + (4 + -3 - 5). Let k be (f - (-4 - d)) + 22. Calculate the greatest common divisor of 92 and k.
23
Suppose -4*v = 4*f - 156, 3*f - 4*v - 119 = -9*v. Let y be (-9348)/(-361) - (-4)/f. Suppose -3*i = -7*i + 52. What is the highest common divisor of i and y?
13
Suppose 6*m - 8 = -44. Let o be (-9 - -10)/((-1)/m). What is the highest common divisor of 4 and o?
2
Suppose -5*v - 4*f + 725 = 0, -f + 0*f = 0. Let s = -43 - -92. Let y = -20 + s. What is the highest common divisor of y and v?
29
Let x be ((-116)/15 - 6/10)*-6. What is the greatest common factor of x and 1250?
50
Suppose 0 = 2*d - 4, 2606 = 60*z - 56*z + 3*d. What is the highest common divisor of z and 208?
26
Let k be -7 - 329/(-49) - (-2841)/21. What is the highest common factor of 10 and k?
5
Let m(b) = b - 7. Let y be m(4). Let u be y/(-1*6)*120. What is the highest common divisor of u and 12?
12
Suppose 0 = a - 1 - 7. Let o be ((-30)/a)/((-18)/168). Suppose 3*c + c - 700 = 0. What is the highest common divisor of o and c?
35
Let r(v) = v**3 - 22*v**2 - 21*v - 4. Let j be r(23). Calculate the greatest common divisor of j and 42.
42
Suppose 4*p - 118 = -2*f, -4*p + 49 = 4*f - 3*f. Let s = 5 - 2. Suppose -4*i + r = -s*i - 32, -3*r - f = -2*i. What is the greatest common factor of i and 9?
9
Let b = 1271 - 1145. Calculate the greatest common divisor of 90 and b.
18
Let y(t) = -5*t**2 - 8*t**3 - 11 + 5 + 6*t - 6*t - 5*t. Let g be y(-3). What is the highest common divisor of g and 36?
36
Let c(o) = -o**2 + 18*o + 30. Let b be c(18). Calculate the highest common divisor of b and 75.
15
Suppose 4*x - 16 = -5*d + 33, -2*d = -2*x + 2. Let i be (26/14 + -1)/((-1)/56). Let s be ((-27)/1)/(x/i). What is the greatest common factor of s and 27?
27
Suppose 0 = 2*j - 5 + 1. Suppose 7*b + 315 = 2*b. Let z be (-1)/(-7) - (-9 + (-261)/b). What is the highest common divisor of j and z?
1
Let q(g) = -3*g + 9. Let u(s) = -2*s + 5. Let o(k) = -3*q(k) + 5*u(k). Let t be o(-4). Suppose -t*c - 495 = -7*c. What is the greatest common factor of c and 9?
9
Let c(m) = -11*m. Let t be c(-2). Let n be (33/t)/((-2)/(-4)). Suppose -n*u + 66 = -2*u. Calculate the highest common divisor of u and 6.
6
Let t be 30/((-3)/3 + 0). Suppose 1377 + 23 = -5*h. Let f be h/t + (-2)/(-3). What is the highest common divisor of f and 40?
10
Suppose -211 + 139 = -8*f. Calculate the highest common divisor of f and 42.
3
Let m = 21 + 0. Suppose -4*n + 115 = -3*w, 3*n + 4*w - 86 = 6*w. Calculate the highest common factor of m and n.
7
Let u = 91 + -73. Let k(w) = -w**3 - w**2 - w + 3. Let d be k(0). Suppose -d*f + 4*f = 2. Calculate the highest common factor of f and u.
2
Let u = -66 - -68. Let o be ((-1 - -9) + -6)*5/u. Calculate the greatest common factor of o and 15.
5
Suppose -61*o + 4*t + 28 = -58*o, -5*o + 4*t + 52 = 0. What is the greatest common divisor of o and 996?
12
Suppose x - 2 = 0, 3*c = 12*x - 15*x + 330. What is the highest common factor of c and 3456?
108
Suppose -u + 7168 = 6*u. What is the highest common factor of u and 16?
16
Let w = 247 + -121. Suppose -9*y - 28 = -11*y. Calculate the greatest common divisor of w and y.
14
Let w be 1*4*(2 + 0). Let g be -5*w/(-20) - 3. Let x(l) = -43*l**3 - l**2 - 4*l - 2. Let v be x(g). What is the highest common divisor of v and 110?
22
Suppose x = m - 213, -3*m = 4*x - 497 - 121. What is the greatest common divisor of 75 and m?
15
Suppose -l + 5 = w - 65, -4*l - 20 = 0. What is the highest common factor of 3 and w?
3
Let c = 32 + -5. Calculate the greatest common factor of 54 and c.
27
Suppose -8*n = -4 - 12. Calculate the greatest common factor of 32 and n.
2
Let l(o) = o**2 - 4*o - 93. Let m be l(-8). What is the greatest common factor of 7 and m?
1
Suppose -338 = -9*m + 238. Calculate the greatest common factor of 16 and m.
16
Suppose 14 = -11*f + 15*f + 2*l, f - 3*l + 7 = 0. What is the highest common factor of 5 and f?
1
Suppose -7*b + 3*b = -2*n - 2, -b = 0. Let v = n - -15. Suppose 2*w - 16 = -5*i, i - w = -2*i + v. What is the greatest common divisor of i and 4?
4
Let r(n) = -3*n + 84. Let b be r(20). Let p(k) = k**3 - 6*k**2 - 1. Let a be p(7). Calculate the greatest common divisor of b and a.
24
Let b = 30 - -3. Let w(o) = 2*o - 7. Suppose 0 = 4*z + 5*f, 0*z - 3*f = 2*z + 2. Let x be w(z). What is the highest common divisor of b and x?
3
Suppose -521 - 410 = -7*t. Calculate the greatest common factor of 19 and t.
19
Let j = -286 - -139. Let y = j + 255. Calculate the highest common factor of 24 and y.
12
Let r(v) be the first derivative of -v**3/3 + 3*v**2/2 + 15*v + 36. Let h be r(0). Calculate the greatest common divisor of 6 and h.
3
Suppose -17*j + 16*j - 5*u = 2, -88 = -4*j + 4*u. Calculate the highest common factor of 954 and j.
18
Let x be 195/4 - 8/(-32). Calculate the greatest common factor of x and 112.
7
Let s be 13 - 3/6*4*1. What is the greatest common divisor of s and 473?
11
Suppose -60*u = -16*u - 308. What is the highest common divisor of u and 7?
7
Let b(r) = 2*r + 104. Let n be b(-33). Calculate the highest common divisor of 418 and n.
38
Let x be (-11)/((-462)/(-12)) + 206/(-14). Let n = x - -16. What is the greatest common factor of n and 5?
1
Suppose -22*g = -760 - 1440. Calculate the highest common divisor of g and 650.
50
Suppose 66 = -8*v + 82. Calculate the greatest common factor of 38 and v.
2
Let l(c) = -10*c - 11. Let x(d) = -110*d - 122. Let q(h) = -68*l(h) + 6*x(h). Let m be q(5). What is the highest common divisor of m and 29?
29
Suppose -4*p = 12 - 144. Calculate the greatest common divisor of 77 and p.
11
Let f(y) = -y**3 - 12*y**2 - 29*y - 14. Let h be f(-9). Calculate the greatest common divisor of h and 14.
2
Suppose 2*d + 3*z - 4 = -3, 5*d + 5*z - 15 = 0. Let k = -29 - -39. Suppose 11*r - 32 = k*r. Calculate the highest common factor of r and d.
8
Suppose 4*b - 31 + 11 = 0. Suppose 0 = -b*z - 6 + 76. What is the highest common factor of 56 and z?
14
Let t be 3/6*(80 + 0). Let s = -181 + 341. Calculate the greatest common factor 